 derivative of w**2 - 5*w + 2. What is m(a)?
5
Let l be ((-1)/(-2))/(2/32). Suppose 0*b - 4*b = -l. Let v(x) = -5*x**2 - 3*x**3 + 4*x**3 - 2*x - 4 - b*x**3. Determine v(-5).
6
Suppose -3*t + 5 = -4. Let q(g) = g**2 - 4*g - 1. Determine q(t).
-4
Let x(c) = c**2 - 5. Suppose -5 = 5*r - 4*r. Calculate x(r).
20
Let k(d) = 2*d + 4. Suppose o + 4 = -3*o. Let z be 0/o - (-1 - 5). Suppose 3*b = b - z. What is k(b)?
-2
Suppose -3*y - 26 = -8*y + 2*h, -3*h = 4*y - 7. Suppose -l + 30 = y*l. Let s(u) = -u**3 + 6*u**2 - 2*u + 5. Give s(l).
-7
Let c(b) = b**3 + 10*b - 9 + 8*b**2 + b**3 + 2 - 3*b**3. Give c(9).
2
Let g(o) = 3 - 68*o**2 - 71*o**2 + 138*o**2. Give g(0).
3
Suppose -5*v + 2*g = -0*g - 6, -2*g = 3*v - 10. Suppose -v*j = 2*j. Suppose -2*b - 10 = -j*b. Let y(o) = -o**3 - 6*o**2 - 7*o - 3. What is y(b)?
7
Let i(a) = 6*a**2 - a - 2. Suppose 4*l - l = -18. Let t(v) = 7*v**2 - 2*v - 3. Let c(z) = l*i(z) + 5*t(z). What is c(-3)?
0
Suppose 25 + 29 = -9*y. Let v(f) = -3 - 5*f**2 - 3*f + 10*f - 4*f**3 + 3*f**3. What is v(y)?
-9
Let n(c) = -c**3 + 2*c**2 - 3*c. Suppose -4*f + 3*s + 48 = 0, 3*f + 4*s = -2*f + 29. Let l = 11 - f. Give n(l).
-6
Let c(r) = -r**2 + 6*r - 6. Let s be c(6). Let v(y) = y**3 + 5*y**2 - 8*y - 5. Calculate v(s).
7
Let b(f) = -f**2 + 5*f - 3 - f**3 + 7 - 2*f**2. What is b(-4)?
0
Let o be 1*(-1)/(-7 - -6). Let b(k) = 3*k + 3. Let d(s) = -3*s - 2. Let g(j) = 2*b(j) + 3*d(j). What is g(o)?
-3
Let m(h) = 7 + h**2 - 4*h - 2*h**2 + 0*h**2. Let z be -10 - (-3*(-1)/(-3) - 3). Give m(z).
-5
Suppose -12 = -4*h + 8*h. Let d(l) be the first derivative of 0*l**2 - l**3 + 2*l - 1/4*l**4 - 1. What is d(h)?
2
Let m(r) be the first derivative of -r**3/3 + 2*r**2 + 5*r - 9. Determine m(5).
0
Let r(h) = -1 - 3*h**2 - 6*h**2 + 2*h**2 + 2*h + 0*h**2. Determine r(1).
-6
Let r(d) be the first derivative of d**2/2 + 1. Let l(f) = f - 7. Let c = -9 - -14. Let h be l(c). Determine r(h).
-2
Suppose -15 + 1 = -2*f. Let t(n) = 3*n**2 + n + f - 4*n**2 - 6. Let o be t(3). Let i(v) = v - 1. Determine i(o).
-6
Let o(m) = m - 9. Let j(i) be the third derivative of i**5/60 + i**4/8 - i**3 - 2*i**2. Let h be 2*(6/(-4) + -1). Let c be j(h). Determine o(c).
-5
Let b(w) = -6*w**3 - w**2 + 1. Let p(r) = 2 + r**2 + 0*r**2 + r**2 - 3*r + 0*r**2. Let z be p(2). Suppose z*s + s = 5. What is b(s)?
-6
Let k(x) be the first derivative of 3*x**2/2 - 6*x + 4. What is k(4)?
6
Let r(w) = -w**2 - 16*w + 20. Let s be r(-17). Let h(x) be the third derivative of 0 + 1/6*x**4 + 0*x + 1/6*x**s - x**2. Calculate h(-1).
-3
Let k be (-2)/(-4) + (-35)/(-14). Suppose 0 = c - 4 + k. Let p(y) = 3*y + 0*y + 1 + 0. Give p(c).
4
Let s be 2/(-4) - 2/(4/(-11)). Let n(z) = 2*z + 2. Give n(s).
12
Let q(k) = k**2 - 4*k - 5. Let l(u) = -2*u**3 - 5*u**2 - 4*u + 2. Let b be l(-2). Determine q(b).
7
Let c(z) be the third derivative of z**5/60 - z**4/24 + z**3/6 - z**2. Let j(d) = -7*d**2 + 9*d - 7. Let y(s) = 6*c(s) + j(s). Determine y(2).
1
Let h(b) = b**2 + 2*b + 5. Suppose 2*a = 3*j + 2, 6*j - j - 2*a + 10 = 0. What is h(j)?
13
Let c(v) = -2*v**2 - v + 6. Let y(w) = w**2 + 9*w + 4. Let z be y(-8). Let i(h) = h - 1. Let s(k) = z*i(k) - c(k). Suppose -1 = -3*b + 8. Determine s(b).
7
Let z(m) = -m**2 - 8*m - 10. Let k be (-4)/16 - 81/12. Calculate z(k).
-3
Let z(p) = 7 + 6 - 6*p + 4*p**2 - 2 - 2. Let n(w) = 5*w**2 - 7*w + 10. Let x(q) = 5*n(q) - 6*z(q). Determine x(3).
8
Let a(o) = o**3 + 2*o**2 - 62*o - 5. Let r be a(7). Let k(d) be the third derivative of -d**5/60 - d**3/6 + d**2. Give k(r).
-5
Let o(l) be the third derivative of -l**6/120 + l**5/60 - l**4/12 - l**3/6 - 4*l**2. Let j be 1 + (-1)/1 - -2. Determine o(j).
-9
Let m(v) = -2*v - 1. Let r(t) = 3*t + 2. Let f(l) = -5*m(l) - 3*r(l). Determine f(-6).
-7
Let w = 269 - 266. Let g(z) = -4*z**2 + 4*z - 6. Let d(k) = -17*k**2 + 16*k - 25. Let y(o) = -2*d(o) + 9*g(o). Determine y(w).
-10
Let u(b) be the first derivative of -2*b**2 + 2*b - 2. What is u(3)?
-10
Let p = -13 + 11. Let l(t) = 4 - 5 + t**3 + 2*t**2 + 0 + 2. Calculate l(p).
1
Let c(v) = -9*v**3 - 4*v**2 + 4*v - 5. Let x(y) = -17*y**3 - 7*y**2 + 7*y - 9. Let m(k) = -7*c(k) + 4*x(k). What is m(-1)?
4
Let y(a) be the first derivative of -8*a**3/3 - a**2/2 + 2. Let f = -2 + 1. Calculate y(f).
-7
Let i be (-1)/(-2)*(3 - 3). Suppose i*x - 9 = -3*x. Let m(w) = w**3 - 3*w**2 - 2*w + 2. What is m(x)?
-4
Let q = 2 + 0. Let a(h) = -4425*h + 1 + 4426*h + 0. Give a(q).
3
Suppose w - 15 = -2*w. Let j(n) = 2*n. Calculate j(w).
10
Let i(c) = -5*c**2 + 4*c**2 + 0*c**2 - 2 - c. Let p(o) = -o**2 + 4*o + 3. Let z be ((-20)/(-12))/(1/3). Let x be p(z). Determine i(x).
-4
Let j = -9 + 17. Suppose 5*r + j = -17. Let z(s) = -s - 5. Calculate z(r).
0
Let k(n) be the first derivative of n**3/3 + 9*n**2/2 + 7*n - 27. Determine k(-6).
-11
Suppose 4*n = 3 + 5. Let i(t) be the first derivative of -1 - 1/3*t**3 + 2*t + 5/2*t**n. Give i(5).
2
Let o be 0*(-4 - 14/(-4)). Let l(q) be the third derivative of 0*q**3 + 0*q - 2*q**2 - 1/60*q**5 + o - 1/6*q**4. What is l(-5)?
-5
Let s(g) = 3*g + 1. Suppose 2*a + 5*w = a + 7, -9 = -3*w. Let b be (-36)/a*(-2)/(-3). Let r = -1 + b. Give s(r).
7
Let z(h) = -h**3 - 13*h**2 - 13*h - 8. Let b be z(-12). Let i(g) = 5 + 2*g + 3 + g - b*g. Give i(7).
1
Let p(h) be the third derivative of 0*h + 4*h**2 + 1/3*h**3 - 1/24*h**4 + 0. Give p(2).
0
Let i(o) = 16*o - 7. Let h(v) = -15*v + 6. Let t(q) = 4*h(q) + 3*i(q). Let l(y) = 6*y - 1. Let f(g) = 9*l(g) + 4*t(g). Determine f(-2).
-9
Let x(h) be the third derivative of -1/60*h**5 + 0 - 1/120*h**6 + 0*h + 1/8*h**4 - 2/3*h**3 + h**2. Suppose 3*n - 4 = -13. Calculate x(n).
5
Let y(w) = -5*w - 11. Let p(z) = 2*z + 4. Let n(s) = 8*p(s) + 3*y(s). Let i = 8 - 4. Suppose 3*a + 21 - 7 = c, -i = a. What is n(c)?
1
Suppose 4*w = 5*g + 25, w - 3*w + g + 11 = 0. Let d(p) = 6*p - w*p + 2 - 1 + 0. Determine d(-6).
-5
Let c(l) = -l**3 - 4*l**2 - 3*l - 3. Suppose -5*k - 4 = -34. Suppose -6 = 4*g + k. Give c(g).
-3
Let v(y) = y**2 - 4*y - 5. Let q be (-426)/(-27) - (-2)/9. Suppose 0 = 4*x + q. Let m be 4/8 + (-22)/x. What is v(m)?
7
Let n(w) = -8*w + 1. Let d(l) = -l**2 + 5*l + 10. Let z be d(7). Let p be (-18)/(-14) + z/14. Give n(p).
-7
Let z(h) = -2*h - 7. Let n be z(-9). Let g = -5 + n. Let x(s) = s**3 - 5*s**2 - 5*s - 4. Calculate x(g).
2
Let y(h) be the third derivative of -h**6/120 + h**5/60 + h**4/12 - h**3/6 + 3*h**2. Let l(i) = -i**3 + i**2 + 4*i - 3. Let k be l(2). Calculate y(k).
1
Let z(h) = -2*h**3 - 4*h**2 + h - 3. Let k(t) = -t**3 - 4*t**2 + t - 2. Let a = 13 + -16. Let o(b) = a*k(b) + 2*z(b). Calculate o(2).
6
Let w(j) = -5*j**2 + j. Suppose 0 = -n - 2*s + 23, 0 = 5*n - 5*s - 57 + 2. Suppose -2*r + 0*b = 3*b + 13, n = -3*b. Determine w(r).
-4
Let n be (-2)/(-8) + 7/4. Let q(x) = 5*x**n - 4*x**2 - 2 - 7*x + 2*x. Let a be (32/(-36))/(16/(-72)). Give q(a).
-6
Let u(v) = v**3 - v**2 + 2*v. Let m(l) = l**3 + 2*l**2 + 7. Let s be m(-3). Determine u(s).
-16
Suppose 0*y = -2*y. Let u(s) = y - 5 + 0*s - s. Give u(-3).
-2
Let v(z) = 5*z**2 - 2 + z + z + z**3 + 0. Suppose 0*t - 3*t - 3*n + 21 = 0, -4*t - 2*n + 20 = 0. Suppose -t*s + 2*k = -k + 24, 2*s + k = -4. What is v(s)?
6
Let w be 34/8 - 30/(-40). Let s(v) = -v**3 + 6*v**2 - 4*v. Determine s(w).
5
Let h(a) = -a**3 - 9*a**2 - a - 9. Let g be h(-9). Let y(i) = -i + 1. Give y(g).
1
Let b = 2 - -8. Let m be 2 + 5/(b/(-4)). Suppose -20 = 4*q - m. Let w(d) = d**3 + 5*d**2 - d. Calculate w(q).
5
Let k(y) = y - 8. Let v = -52 + 61. Give k(v).
1
Let l(c) be the first derivative of -14*c**3/3 - c**2/2 + 58. Determine l(1).
-15
Let j(b) be the third derivative of b**6/120 - b**5/10 - b**4/24 - b**3/2 + 7*b**2. Give j(6).
-9
Let l(q) be the third derivative of 1/120*q**6 - 1/24*q**4 + 0 + 1/30*q**5 - 1/3*q**3 + 0*q + 5*q**2. Calculate l(2).
12
Let r be -4*(-1 + -1) - 0. Let q = -19 - -21. Let m(t) = -3 + q - r*t - t. Calculate m(-1).
8
Let m(h) = -27*h**2 + h + 1. Let l = -73 - -72. Determine m(l).
-27
Let w = 8 + -13. Let i be 6/(-1)*1/(-3). Let y(r) = -4*r + 3*r + 2*r - i. Give y(w).
-7
Suppose 3 = 2*w - 5. Suppose -3*a + 10 = h, 6*a = h + 3*a - w. Suppose 5*s = -3 - h. Let q(d) = d**3 + d**2 + d. Give q(s).
-6
Let w(x) be the first derivative of -x**2/2 - 5*x + 1. Let s be 33/(-9) - 1/3. Calculate w(s).
-1
Suppose